 factors of 1543184660.
2, 5, 2411, 32003
List the prime factors of 324145088.
2, 47, 107761
List the prime factors of 89800972.
2, 2383, 9421
List the prime factors of 236571923.
7, 33795989
What are the prime factors of 329162392?
2, 13, 3165023
What are the prime factors of 25535472?
2, 3, 531989
List the prime factors of 2018816226.
2, 3, 7, 3083, 5197
What are the prime factors of 202275062?
2, 11, 31, 296591
What are the prime factors of 94409174?
2, 47204587
What are the prime factors of 113909151?
3, 313, 121309
List the prime factors of 442420062.
2, 3, 7, 541, 19471
What are the prime factors of 45086208?
2, 3, 149, 197
List the prime factors of 426168335.
5, 811, 105097
List the prime factors of 1480154314.
2, 773, 957409
What are the prime factors of 3253463995?
5, 17, 38276047
List the prime factors of 47406513.
3, 7, 11, 205223
List the prime factors of 113695055.
5, 1657, 13723
List the prime factors of 20442583.
7, 353, 8273
List the prime factors of 286748662.
2, 1759, 81509
List the prime factors of 528440462.
2, 11, 59, 407119
List the prime factors of 526130874.
2, 3, 71, 411683
What are the prime factors of 39087439?
83, 470933
What are the prime factors of 1885427354?
2, 2341, 402697
List the prime factors of 28366977.
3, 677, 13967
What are the prime factors of 622022921?
13, 1061, 3469
List the prime factors of 2679450142.
2, 43, 31156397
What are the prime factors of 103593272?
2, 2579, 5021
List the prime factors of 31010362.
2, 15505181
What are the prime factors of 204526535?
5, 3863, 10589
List the prime factors of 144525322.
2, 43, 1680527
List the prime factors of 287670090.
2, 3, 5, 17, 564059
List the prime factors of 388229787.
3, 11, 379, 3449
What are the prime factors of 2381570477?
11, 13, 17, 179, 421
What are the prime factors of 378133622?
2, 189066811
What are the prime factors of 3036343076?
2, 13, 53, 61, 18061
What are the prime factors of 606964808?
2, 2179, 34819
What are the prime factors of 709452392?
2, 11, 2213, 3643
List the prime factors of 3283512228.
2, 3, 1126033
What are the prime factors of 113938279?
7, 13, 13759
What are the prime factors of 108578924?
2, 3433, 7907
List the prime factors of 430697155.
5, 7, 12305633
What are the prime factors of 117433944?
2, 3, 1631027
List the prime factors of 1783415438.
2, 7, 107, 157, 7583
List the prime factors of 887779951.
571, 1554781
What are the prime factors of 8367424?
2, 13, 89, 113
List the prime factors of 440858588.
2, 110214647
What are the prime factors of 40833657?
3, 1367, 3319
What are the prime factors of 7616520?
2, 3, 5, 21157
List the prime factors of 2433759818.
2, 7, 19, 191, 47903
What are the prime factors of 620603042?
2, 19, 859561
List the prime factors of 389057560.
2, 5, 1553, 6263
List the prime factors of 393228035.
5, 78645607
What are the prime factors of 20702842?
2, 47, 220243
List the prime factors of 864062015.
5, 151, 1144453
List the prime factors of 130494360.
2, 3, 5, 1087453
What are the prime factors of 253029608?
2, 13, 2432977
What are the prime factors of 2511056719?
2511056719
List the prime factors of 93496092.
2, 3, 823, 9467
List the prime factors of 1834805253.
3, 823, 743137
List the prime factors of 47580458.
2, 113, 210533
What are the prime factors of 13642333?
13642333
What are the prime factors of 2573728856?
2, 321716107
What are the prime factors of 870093836?
2, 2141, 101599
List the prime factors of 2769373.
653, 4241
List the prime factors of 107045619.
3, 43, 829811
What are the prime factors of 82185104?
2, 157, 32717
What are the prime factors of 2670359900?
2, 5, 13, 227, 9049
List the prime factors of 29183127.
3, 9727709
What are the prime factors of 1505628957?
3, 7, 139, 515803
What are the prime factors of 69538373?
69538373
What are the prime factors of 99145463?
99145463
List the prime factors of 56035272.
2, 3, 2334803
What are the prime factors of 2841632473?
1999, 1421527
What are the prime factors of 64052471?
7, 9150353
List the prime factors of 60659308.
2, 191, 79397
What are the prime factors of 1618312740?
2, 3, 5, 11, 43, 127, 449
What are the prime factors of 321890751?
3, 7, 13, 617
List the prime factors of 56626706.
2, 173, 163661
List the prime factors of 43632112.
2, 2727007
List the prime factors of 15826975.
5, 633079
What are the prime factors of 28731288?
2, 3, 47, 25471
What are the prime factors of 4242780930?
2, 3, 5, 141426031
What are the prime factors of 65604927?
3, 199, 109891
List the prime factors of 497152267.
17, 521, 56131
List the prime factors of 918935884.
2, 17, 487, 27749
List the prime factors of 2253174518.
2, 7, 181, 889177
What are the prime factors of 108306550?
2, 5, 11, 191, 1031
List the prime factors of 344279253.
3, 114759751
What are the prime factors of 127953595?
5, 7, 11, 43, 59, 131
List the prime factors of 592020029.
1361, 434989
List the prime factors of 125729143.
71, 89, 101, 197
List the prime factors of 17960978.
2, 7, 1049, 1223
List the prime factors of 294101065.
5, 139, 263, 1609
List the prime factors of 84888280.
2, 5, 149, 14243
List the prime factors of 52876034.
2, 23, 37, 47, 661
List the prime factors of 70017546.
2, 3, 19, 67, 89, 103
What are the prime factors of 367749662?
2, 7, 3823, 6871
List the prime factors of 280916786.
2, 19, 7392547
What are the prime factors of 335966392?
2, 29, 149, 9719
List the prime factors of 228181604.
2, 7, 8149343
What are the prime factors of 133284163?
103, 1294021
List the prime factors of 2780392179.
3, 29129, 31817
What are the prime factors of 5613414184?
2, 7, 100239539
List the prime factors of 3813019628.
2, 11, 86659537
List the prime factors of 60376493.
60376493
List the prime factors of 180446608.
2, 509, 22157
What are the prime factors of 3442404?
2, 3, 7, 107, 383
What are the prime factors of 1127782005?
3, 5, 7, 83, 151, 857
What are the prime factors of 3992346159?
3, 199, 2579, 2593
List the prime factors of 968766302.
2, 7, 23, 157, 19163
What are the prime factors of 3180458663?
33469, 95027
List the prime factors of 1780119071.
97, 18351743
What are the prime factors of 3629585286?
2, 3, 211, 955657
What are the prime factors of 1384772660?
2, 5, 69238633
What are the prime factors of 45589606?
2, 22794803
List the prime factors of 99708132.
2, 3, 8309011
List the prime factors of 4638457778.
2, 28439, 81551
What are the prime factors of 34009715?
5, 19, 357997
List the prime factors of 258092624.
2, 1297, 12437
What are the prime factors of 3310055799?
3, 53, 929, 22409
List the prime factors of 266032571.
7, 38004653
List the prime factors of 1743598617.
3, 71, 8185909
What are the prime factors of 404649980?
2, 5, 7, 17, 170021
List the prime factors of 1937837337.
3, 645945779
List the prime factors of 1907187914.
2, 3203, 297719
List the prime factors of 1007798383.
23, 251, 174571
What are the prime factors of 57646786?
2, 23, 73, 17167
What are the prime factors of 729522861?
3, 47, 353, 14657
List the prime factors of 831265859.
157, 2053, 2579
What are the prime factors of 75875121?
3, 7, 59, 137, 149
What are the prime factors of 48548841?
3, 11, 1471177
What are the prime factors of 176847603?
3, 59, 277, 3607
List the prime factors of 932578726.
2, 79, 5902397
What are the prime factors of 778333390?
2, 5, 77833339
What are the prime factors of 308019273?
3, 102673091
What are the prime factors of 185536485?
3, 5, 1201, 3433
List the prime factors of 942651.
3, 34913
What are the prime factors of 892994104?
2, 41, 1571, 1733
List the prime factors of 47580687.
3, 7, 11, 68659
List the prime factors of 48980684.
2, 12245171
List the prime factors of 39955097.
7, 13, 599, 733
List the prime factors of 46123871.
1583, 29137
List the prime factors of 136477467.
3, 7, 240701
List the prime factors of 889433709.
3, 5717, 51859
List the prime factors of 63418375.
5, 507347
What are the prime factors of 62560303?
13, 37, 113, 1151
What are the prime factors of 16188400?
2, 5, 40471
What are the prime factors of 1193215625?
5, 7, 54547
List the prime factors of 1176131316.
2, 3, 98010943
What are the prime factors of 2499886204?
2, 37, 1877, 8999
List the prime factors of 1066023977.
59, 1033, 17491
List the prime factors of 1275460124.